ors of o(-7).
5
Let k be ((-2)/(-2))/(2/(-52)). Let q = k - -37. List the prime factors of q.
11
Let a(g) = 7*g**2 - 11*g - 16. List the prime factors of a(-6).
2, 151
Let t be (-4 + 3)*(-1 - 1). Suppose t*d + 22 = 2*a, 0*d - 12 = -3*d. List the prime factors of a.
3, 5
Let j(q) = 2*q**3 - 2*q**2 - 3*q + 2. What are the prime factors of j(2)?
2
Let p(f) = f**2 + f - 4. Suppose 11 = 3*q + 26. What are the prime factors of p(q)?
2
Suppose 2*q = -2*q + 5*z + 245, 0 = 3*q + 4*z - 145. What are the prime factors of q?
5, 11
Let m(r) = 7*r + 10. Let t(s) = s + 1. Let v(q) = -m(q) + 3*t(q). List the prime factors of v(-5).
13
Let f(u) = u**3 + 21*u**2 + 13*u - 40. What are the prime factors of f(-20)?
2, 5
Let o = -22 + 27. Let r(m) = 3*m + 1. Let w be r(1). Suppose -o*v = 2*n - 44, 2*n + 8*v - w*v - 44 = 0. List the prime factors of n.
2, 11
Suppose -3*g - 12 = 0, -w = -3*w + 2*g + 46. List the prime factors of w.
19
Let h(d) be the third derivative of d**7/840 - d**6/360 + d**4/12 + 4*d**2. Let j(x) be the second derivative of h(x). List the prime factors of j(-2).
2
Let h be (5 + 8/(-2))*-6. Let f = h - -9. List the prime factors of f.
3
Suppose 4*f - 2 = 3*f. List the prime factors of f.
2
Let w be (-46)/(-14) - (-6)/(-21). Suppose -3 = -n + w. What are the prime factors of (4/n)/(1/24)?
2
Suppose -4*l + 15 = -3*l. Let h = l + -23. Let r = h + 10. List the prime factors of r.
2
Let r(f) be the first derivative of 9*f**2/2 + f + 2. What are the prime factors of r(1)?
2, 5
Let z(w) = 11*w**3 - 2*w**2 - w. Let s be z(-1). Let g be (-10)/(-4)*s/(-10). Suppose -m = -5*m - g*n + 12, n = -2*m + 8. What are the prime factors of m?
2, 3
Let z(t) be the third derivative of t**4/24 + 8*t**3/3 - 3*t**2. Let u(n) = -n - 17. Let s(x) = 3*u(x) + 4*z(x). What are the prime factors of s(-10)?
3
List the prime factors of 35 - (-1 - -2)*-3.
2, 19
Let h(f) be the second derivative of -f**4/12 - f**3 + 3*f**2/2 - 2*f. Let v be h(-5). Suppose 2*p + t = 14, p = 2*p + t - v. What are the prime factors of p?
2, 3
Suppose -5*c = -0*c + 105. List the prime factors of (-343)/c + 2/(-6).
2
What are the prime factors of (-4)/(-2)*261/18?
29
List the prime factors of 10/(-6)*9/(-5) + 91.
2, 47
Let b = -8 + 5. What are the prime factors of (16/b)/((-8)/12)?
2
Let p(m) = 6*m**2 + m + 2. List the prime factors of p(3).
59
Let n(j) = -j**2 - 22*j + 27. List the prime factors of n(-19).
2, 3, 7
Let k(l) = -l - 4. Let a(n) = -n - 5. Let z(q) = -4*a(q) + 5*k(q). Suppose 0 = 4*c + 35 - 15. List the prime factors of z(c).
5
Let w be (-84)/(-8)*(-12)/(-9). Let d = 21 - w. List the prime factors of d.
7
Suppose 5*i = 2*i + 78. List the prime factors of i.
2, 13
Suppose 240 = -2*l - 2*l. Let g be ((-2)/3)/(2/l). Suppose 2*u = 4 + g. What are the prime factors of u?
2, 3
Suppose 2*r - 3*r + 34 = -5*m, -r - m + 4 = 0. Let i(n) = -13 + 4*n + 7*n - n**2 + 2. List the prime factors of i(r).
7
Let g(s) = 9*s + 60. List the prime factors of g(7).
3, 41
Let s be (-1)/4 + 6486/24. What are the prime factors of (12/(-10))/((-9)/s)?
2, 3
Suppose 3*q = -5*g + 135, 3*g + 2*g = 5*q + 95. Let y = g - 18. What are the prime factors of y?
2, 3
What are the prime factors of (-94)/(-4) + (-37)/74?
23
Suppose c - 3*t = 256, -t - 301 = -2*c + 221. List the prime factors of c.
2, 131
Let o(l) = 22*l - 6. Let f be o(4). What are the prime factors of f/5 - (-2)/(-5)?
2
Let r = 9 - 8. Let o be ((-10)/(-3))/(r/3). List the prime factors of 105/o - 2/(-4).
11
Let r = 35 + -18. Let m = -23 + 13. Let a = m + r. What are the prime factors of a?
7
Suppose -4*g = -2*g - 64. Suppose 0*y = -y - 4, -4*t = -3*y - g. What are the prime factors of t?
5
Suppose 9*b = 7*b. Suppose -4*m = -5*m. Suppose -3*y + b*y + 36 = m. List the prime factors of y.
2, 3
Suppose -u = -34 + 3. List the prime factors of u.
31
List the prime factors of (2/(-6))/(2/(-342)).
3, 19
Let x(s) = -s**2 + 16. Let t be x(0). Suppose 4*y + 4*d - 50 = 50, -t = 4*d. Suppose -5*w + y = -1. List the prime factors of w.
2, 3
Let r(t) = -2*t + 6. Let n be r(-4). What are the prime factors of (-4)/14 - (-592)/n?
2, 3, 7
Suppose 2*z = 32 - 4. What are the prime factors of z?
2, 7
List the prime factors of (1 - (-5)/10)/((-3)/(-586)).
293
Let r = 26 - 2. List the prime factors of r.
2, 3
Suppose g + 216 = o, 2*o + o - 868 = 4*g. List the prime factors of (-12)/(-15)*g/(-8).
2, 11
Let n(w) = -w**2 + 8*w + 2. Let c(l) = -6*l. Let g be c(-1). List the prime factors of n(g).
2, 7
Suppose 5*y = 51 + 39. Suppose 2*c = -y + 4. List the prime factors of (-1)/(1/c*1).
7
Let q be ((-1)/(-2)*0)/2. Suppose 12 = 3*c - q*c. Suppose -3*m + 20 = -4*f, -c*m + 4*f + 28 = -f. What are the prime factors of m?
2, 3
Let c = -49 + 85. List the prime factors of c.
2, 3
Suppose p - 5 = -0*p. Suppose -1 = -p*u - 16. Let q = u + 6. What are the prime factors of q?
3
Let w = 107 + -28. List the prime factors of w.
79
What are the prime factors of ((-50)/(-15) + -4)*39/(-2)?
13
Suppose 3*s - 2 = 2*s. Suppose 2*n + s*n - 44 = 0. What are the prime factors of n?
11
Let b be 70/(-4)*2/1. Let k = b - -64. What are the prime factors of k?
29
Suppose -5*n = -42 + 152. List the prime factors of 3/2 - 33/n.
3
Suppose 0 = -38*p + 33*p + 300. List the prime factors of p.
2, 3, 5
Let y be 3*(-3 + 2) - 2. Let t = -2 - y. Suppose -20 = b - t*b. What are the prime factors of b?
2, 5
Let q be 4392/42 + 6/14. Suppose 7*v = 4*v + q. List the prime factors of v.
5, 7
What are the prime factors of -2 + (-78)/((-2)/1)?
37
Let h = -17 - -7. Let b be 18/15*h/(-4). What are the prime factors of (-2)/b - (-16)/6?
2
Let v = 62 - 38. Let w(d) = d**3 + 5*d**2 - 1. Let t be w(-4). Let c = v - t. What are the prime factors of c?
3
Let x(k) be the third derivative of k**5/60 - k**4/24 - 4*k**2. Let y be x(-1). Suppose w + 18 = y*a, -w = 3*w + 16. List the prime factors of a.
7
Let n = 3 + 0. Let v = n + 5. Suppose v = -4*z, 3*k - 4*z + 4 = 27. List the prime factors of k.
5
Suppose 369 = 3*v + s, 3*v + 3*s = 335 + 28. List the prime factors of v.
2, 31
Suppose -2*o + 0*o - 65 = -f, 3*f + 4*o = 205. List the prime factors of f.
67
Let h(k) = -7*k - 1. List the prime factors of h(-1).
2, 3
Let k(s) = s**3 + 9*s**2 + 2. Let f be k(-9). Suppose -4*y + 81 = 5*w, -f*w - 2*y = -0*y - 32. List the prime factors of w.
17
Suppose -3*f + 202 = d, -f + 10 = -3*d - 44. List the prime factors of f.
2, 3, 11
Let p(w) = 50*w**2 - 4*w - 8. What are the prime factors of p(-2)?
2, 5
Suppose 2*f - f - 5 = 0. Let o be (56/(-6))/(f/(-15)). Suppose -3*j = 1 - o. What are the prime factors of j?
3
Let y be 4/8 + (-38)/(-4). What are the prime factors of (-6)/10 - (-126)/y?
2, 3
Let h be 2/1 - (-8)/(-8). Let c = 5 - h. Suppose 2*d = -c*g + 38, -5*d = 4*g - d - 32. List the prime factors of g.
11
Let i = 7 - 5. Let y be (-2)/i + (-1 - -7). Suppose 2*u = y*q - 50, -7 = -2*q + 3*u + 24. List the prime factors of q.
2
Let i be 9/(-9) + -15 + 1. Let r = 1 - i. List the prime factors of r.
2
What are the prime factors of (((-12)/(-5))/2)/(3/225)?
2, 3, 5
Let j be (-4)/(-3)*3/2. Suppose 0*x = 3*x + 5*b - 20, 0 = -3*b - 6. What are the prime factors of (j - 5) + 2 + x?
3
Suppose k = -k + 12. Suppose 4 + k = 5*p. List the prime factors of ((-6)/(-4) + 0)*p.
3
Let y(m) = 3*m + 3. Let k(n) = 3*n + 2. Let g(h) = -4*k(h) + 3*y(h). Let j be g(-1). Let z(x) = x**3 - 2*x**2 - 5*x - 1. What are the prime factors of z(j)?
11
Suppose 64*g = 60*g + 48. What are the prime factors of g?
2, 3
Let t(k) = -k**2 - 12*k - 13. Let u be t(-10). Let w = u - -11. List the prime factors of w.
2, 3
Suppose 18 = 3*u + 6. Suppose 4*h + 52 = u*f, -29 = -6*f + 3*f + h. List the prime factors of f.
2
Let s = -24 - -43. What are the prime factors of s?
19
Let j = -6 - -6. Suppose -4*z - 3*o = -3*z - 40, j = -z - 2*o + 36. Suppose -3*x = -7*x + z. List the prime factors of x.
7
Suppose 4*z - 674 = -3*s, 2*z = 5*z - 3*s - 516. List the prime factors of z.
2, 5, 17
Let f(l) = -l**3 - l**2 + l - 7. Let p be f(0). Let y = 15 + p. List the prime factors of y.
2
Let x(o) = -2*o. Let d = -14 + 9. List the prime factors of x(d).
2, 5
Let q be 3*(2 - 4)/(-2). What are the prime factors of (2/q)/(-2)*-6?
2
What are the prime factors of (-1 + 2 + -1 - -262) + 1?
263
Suppose -6*l = -3*w - 3*l,